 + v. List the prime factors of l.
3, 5, 37
Let d be ((-5)/10)/(3/(-24)). Suppose -4*b + f - 448 = -b, 2*f - 600 = d*b. Let n = b - -213. List the prime factors of n.
5, 13
Let h = 11176 - -10523. What are the prime factors of h?
3, 2411
What are the prime factors of (-511845)/(-30) + (-5)/(-2)?
2, 3, 79
Suppose 4*o + 4*r + 1542 = 5*o, 3064 = 2*o - 3*r. Suppose 0 = -9*w + o + 760. List the prime factors of w.
2, 127
Let d = -174 + 182. Suppose y - 3*h + d*h = 251, y - 256 = -4*h. What are the prime factors of y?
2, 3, 23
Suppose 59 = -5*v - 2*n, -5*v + 3*n = -7*v - 17. What are the prime factors of (1092/(-18))/v*(-1350)/(-7)?
2, 3, 5
Suppose 5*x - 2*a = 185351, 13*x + a + 185348 = 18*x. What are the prime factors of x?
19, 1951
Let t(q) = -17*q**3 - 3*q**2 + q + 6. Let o be t(-3). Suppose 7*r + o = 2*r - 3*v, 0 = 5*r - 2*v + 410. Let p = -44 - r. List the prime factors of p.
2, 5
Suppose -4*m = -2*j - 820, -41 = 2*j + m + 754. Let r be (-214)/3*(-1 - -4). Let h = r - j. What are the prime factors of h?
2, 3, 31
Let b = 156 + -92. Suppose -3*o + 8*o + 3*l = -336, -l = -o - b. Let q = 39 - o. List the prime factors of q.
3, 5, 7
Let m(a) = 1723*a**2 + 321*a + 13. List the prime factors of m(4).
5, 23, 251
Let u = 434 - 307. Suppose 0 = -138*w + u*w + 286. List the prime factors of w.
2, 13
Let x be -2214 - (5 - (0 + 3)). Let q be 4/14 - x/(-14). List the prime factors of (q/(-6))/((-3)/(-9)).
79
What are the prime factors of 10589*(-8)/(-3 + -13) - (-3)/6?
3, 5, 353
Suppose 2*a = 4*d - 26, 3*d - 2*a - 32 = 2*a. Suppose 0 = -d*m - 2*v + 574, 2*v - 20 = -2*v. List the prime factors of m.
3, 47
Let m(r) = -630*r + 23002. What are the prime factors of m(-64)?
2, 7, 4523
Let x = -17751 - -40900. List the prime factors of x.
7, 3307
Suppose -3*k = -2*p + 54181, -p - 2*k + 1350 + 25716 = 0. What are the prime factors of p?
2, 5, 677
Let g(b) = 3*b - 33. Let v be g(12). Suppose m = 2*m - v. Suppose -3*q = -5*s + 145, 98 = m*s - q - 3*q. List the prime factors of s.
2, 13
Let n = 285 - 236. List the prime factors of 2/(-7) - (-40194)/n.
2, 5, 41
Suppose 4*i - 2*i + 5*z - 117711 = 0, -2*z - 2 = 0. List the prime factors of i.
2, 29429
Let b be 2544/30*(26 + -1). Let o = b - 934. What are the prime factors of o?
2, 593
Let j = 92 + -61. Let r = j - -3. Let k = r - 8. What are the prime factors of k?
2, 13
Let w(x) = 3*x**2 + 22*x + 16. Let n(c) = 7*c**2 + 44*c + 31. Let b(q) = -2*n(q) + 5*w(q). Let g be b(-19). What are the prime factors of (26/g)/(2/(-261))?
3, 29
Let f(o) be the third derivative of -o**6/120 - 7*o**5/15 - 3*o**4/2 - 17*o**3/6 + 3*o**2 - 24. List the prime factors of f(-27).
2, 113
Suppose -13*b + 1428 + 249 = 0. Let t(h) = b + 5*h + 18 + h + h. List the prime factors of t(0).
3, 7
Suppose -5*n + 623 = 5*q - 1037, -1620 = -5*n + 3*q. List the prime factors of n.
3, 109
Let h = 92239 - 63719. What are the prime factors of h?
2, 5, 23, 31
Suppose -8*u + 44*u = -216. Let t(g) = -43*g - 5. What are the prime factors of t(u)?
11, 23
Suppose v = 5*a + 3630, v - 3642 = 7*a - 8*a. Suppose -v = -5*g + 3*g + 5*t, 5*g - 9067 = -4*t. What are the prime factors of g?
3, 5, 11
Suppose -3*r + 18 = 6*r. Let p be (-15)/r*(-24)/15. What are the prime factors of (-51)/(-6)*(-6)/(-4)*p?
3, 17
Suppose 6*a + 22492 = 4*i + a, -16888 = -3*i - a. What are the prime factors of i/9 + (-26)/(-39)?
2, 313
Let n(l) = 20*l**2 - 7*l + 5. Let k be n(10). Suppose k = -x + 9417. What are the prime factors of (-2)/15 - x/(-90)?
83
Suppose -3*d = 3*j - 57675, 5*d + 39118 - 116009 = -4*j. What are the prime factors of j?
2, 59, 163
Let t(h) = -169*h + 240. List the prime factors of t(-57).
3, 1097
Let t(i) = 56*i**3 - 14*i**2 + 36*i - 11. What are the prime factors of t(3)?
1483
Let a = -1452 + 1449. Let b(m) be the first derivative of -85*m**2/2 - 28*m - 4. What are the prime factors of b(a)?
227
Let r(n) = -1024*n + 627. List the prime factors of r(-24).
3, 31, 271
Let b(m) = -m**3 + 36*m**2 - 98*m - 23. Let z be b(33). List the prime factors of z/((-90)/(-13329)) + -1.
2, 5, 37
Let i(b) = -2*b**3 + 33*b + 7*b**3 + b**3 + 43*b**2 + 128 - 5*b**3. List the prime factors of i(-42).
2, 11, 23
Let q be -6 - (-34)/3 - (-1)/(-3). Suppose -h + q*w + 985 = 0, 5*h + 3*w = 9*h - 4025. What are the prime factors of h?
2, 5, 101
Suppose 3*h + 2 = 4*w + 8, 2*h - w = 9. Let l = 96 - h. Suppose 0*q = -q + l. What are the prime factors of q?
2, 3, 5
Let y = -2417 - -3722. Suppose 9*v = -0*v - y. Let p = v - -203. What are the prime factors of p?
2, 29
Let p = -126 + 147. Suppose -7*w + 330 = -w. Let a = p + w. List the prime factors of a.
2, 19
Suppose 2*f - 2*r - 16164 = 0, 75*f - 79*f = 4*r - 32304. What are the prime factors of f?
3, 2693
Suppose 0 = -2*y - 2*a + 39912, -79863 = -4*y - 2*a - 33. What are the prime factors of y?
3, 6653
Suppose 4*b + 20 = 9*b. Let q(w) = -9*w - 41. Let g be q(-21). Suppose 281 = 5*n - x, g = b*n + 2*x - 74. List the prime factors of n.
2, 7
Let y(o) = 4*o**2 + 19*o - 15. Let n(x) = 9*x**2 + 43*x - 30. Let j(r) = 6*n(r) - 13*y(r). Let u = 14 - 21. What are the prime factors of j(u)?
2, 3
Let a be (-7)/(21/(-153)) + -3. Let z = -39 + a. Suppose z*f - 395 = 910. What are the prime factors of f?
5, 29
Suppose -27*g - 19632 = -72*g + 29*g. What are the prime factors of g?
3, 409
Let b = 24588 - 1803. What are the prime factors of b?
3, 5, 7, 31
Let a(i) = -25*i + 71. Suppose 0 = -3*g + 2*r - 15, -g + 65*r - 5 = 62*r. What are the prime factors of a(g)?
2, 7
Suppose -108*a + 49*a - 11*a + 5521530 = 0. List the prime factors of a.
3, 26293
Suppose -38143 = -58*c + 46557 + 7114. List the prime factors of c.
1583
Let u(w) = w - 2. Let c be u(4). Suppose 0*x - c*x = 2*f + 2, 3*f - 5*x = -3. List the prime factors of ((-6)/9)/f - (-223)/3.
3, 5
Suppose -l + 765 = -2*z + 222, -2*l + 1054 = 4*z. Suppose -l = -3*a + 218. List the prime factors of a.
251
Suppose 0 = -167*x + 177*x - 20960. List the prime factors of x.
2, 131
Let y = -19 - -17. Let r be 1/y*2 + 4. Suppose 2*t + 5*f - 157 = 0, r*t - 2*t - 106 = 3*f. List the prime factors of t.
7, 13
Suppose 0 = 239*y - 245*y + 30. Suppose -y*o + 128 = 38. What are the prime factors of o?
2, 3
Suppose 0 = -t + 62 + 645. Let l = -367 + t. What are the prime factors of l?
2, 5, 17
Suppose -110*i + 1556019 = -1420141. What are the prime factors of i?
2, 19, 89
Let j(z) = -z - 26. Let p be j(-34). Suppose -5*q = -5*r - 0*q + 2580, 0 = -2*q - p. What are the prime factors of r?
2
Let w = -80 + 82. Let q(u) = 2*u + 10*u**3 - 21*u**2 + 10*u**w - 5 + 9*u**2. What are the prime factors of q(2)?
71
Suppose -17*s = s + 17100. Let p = s + 1467. List the prime factors of p.
11, 47
Suppose -21*c + 299840 + 274540 = 9*c. What are the prime factors of c?
2, 3, 3191
Let v = -41 + 31. List the prime factors of 1644/v*15/(-9).
2, 137
Let g = -830 + 828. List the prime factors of (-2298)/(-3) - (g + -3).
3, 257
Suppose 0 = -38*j + 32*j. Suppose j = 6*z - 576 - 1530. List the prime factors of z.
3, 13
Let o = -495 - -505. Let g(u) = -u**3 + 14*u**2 + 7*u + 1. List the prime factors of g(o).
3, 157
Let l be 3 + -4 + 3 - 4. Let t be (0 - 24/(-30))/(l/(-5)). Suppose 4*d + t*m - 221 = 7*m, d + 2*m = 52. List the prime factors of d.
2, 3
Let t = 952 - 961. List the prime factors of (-912)/(-9)*t/(-2).
2, 3, 19
Let u = -221 + 232. Suppose -1146 + 3368 = u*g. List the prime factors of g.
2, 101
Let g(l) = -4*l**2 - 2. Let h be g(-2). What are the prime factors of (-2)/(-1) - (h + -103)?
3, 41
Let a(c) = -2*c**3 - 10*c**2 - 3*c - 38. Let g(v) = v**3 + 24*v**2 - 24*v + 17. Let p be g(-25). List the prime factors of a(p).
2, 5, 37
Suppose 5*n - 4*x = -6*x + 3615, -n - x = -726. Suppose 6*r + 25 = n. List the prime factors of r.
2, 29
Let k(d) = 44*d**2 + 15*d + 13. Let c = -343 + 339. What are the prime factors of k(c)?
3, 73
Suppose 36*h - 4*f = 32*h + 6036, -3*f = 3*h - 4563. What are the prime factors of h?
3, 5, 101
Let g = -26 + 21. Let z(h) = 13 - 9*h + 4*h + 3. What are the prime factors of z(g)?
41
Let q(c) = 5*c**3 - 51*c**2 + 8*c + 3. Let l be q(10). Let p = l + 445. List the prime factors of p.
2, 107
Let z = -110768 + 163205. What are the prime factors of z?
3, 7, 11, 227
Let j = -37052 + 67045. What are the prime factors of j?
89, 33